common factor of 2646 and 6821766?
378
Calculate the greatest common divisor of 96180 and 523740.
420
What is the highest common factor of 6435912 and 168?
168
What is the greatest common factor of 590 and 3502730?
10
What is the greatest common factor of 133 and 2356039?
7
Calculate the highest common divisor of 4432005 and 1192.
149
What is the highest common factor of 2160 and 200565?
45
What is the greatest common factor of 2330 and 1513070?
10
Calculate the highest common divisor of 10958454 and 156.
78
Calculate the highest common factor of 27 and 707.
1
What is the greatest common factor of 23296953 and 69207?
1173
Calculate the greatest common divisor of 337634549 and 69.
23
What is the greatest common factor of 899678208 and 3432?
3432
What is the highest common factor of 5428986 and 24557?
1889
Calculate the highest common factor of 1181804 and 130.
26
Calculate the highest common divisor of 570250196 and 388.
388
What is the highest common factor of 1995 and 10144155?
105
Calculate the highest common factor of 22948982 and 77812.
5558
Calculate the greatest common factor of 9062823 and 231.
231
What is the greatest common factor of 1277135100 and 5400?
2700
What is the greatest common divisor of 29859 and 128982?
111
Calculate the highest common factor of 6440 and 2385250.
70
What is the highest common divisor of 10921176 and 3658?
62
What is the greatest common factor of 581 and 2123100?
7
Calculate the greatest common factor of 66731826 and 686.
98
What is the greatest common divisor of 101844 and 8693148?
492
Calculate the highest common factor of 14260017 and 93.
3
What is the highest common factor of 423450 and 648000?
450
What is the highest common divisor of 57534870 and 60?
30
What is the highest common factor of 30 and 168227115?
15
Calculate the highest common factor of 81829 and 1471019.
1903
Calculate the highest common divisor of 212266 and 67942.
422
Calculate the highest common divisor of 21 and 74690938.
7
What is the highest common divisor of 4712217 and 2697?
93
Calculate the greatest common divisor of 110 and 305404.
22
What is the greatest common factor of 833 and 2964647?
833
What is the highest common divisor of 11554610 and 135?
5
What is the greatest common factor of 16337 and 259811?
527
Calculate the greatest common divisor of 418096432 and 1807.
1807
What is the greatest common factor of 1190 and 336646835?
595
Calculate the greatest common divisor of 5269895 and 159283.
3389
Calculate the greatest common divisor of 1364891 and 314127.
1837
What is the greatest common divisor of 7843 and 497519?
341
What is the greatest common divisor of 13514 and 174?
58
What is the highest common divisor of 19601 and 170255?
17
What is the highest common divisor of 26 and 2300246?
26
What is the highest common factor of 207266444 and 16?
4
Calculate the highest common factor of 3796616088 and 12.
12
What is the highest common divisor of 277080 and 273720?
120
What is the greatest common divisor of 9271 and 66357?
73
What is the highest common divisor of 5451096 and 792?
24
What is the greatest common divisor of 56 and 78953084?
28
Calculate the highest common factor of 11641808 and 8.
8
Calculate the greatest common divisor of 10275 and 52621152.
411
Calculate the greatest common factor of 483365 and 2216.
277
Calculate the highest common factor of 72160 and 3567520.
1760
Calculate the highest common divisor of 11439064 and 104.
104
Calculate the greatest common divisor of 224075064 and 2426.
2426
Calculate the greatest common divisor of 1764 and 6303654.
882
What is the greatest common factor of 148911222 and 1308?
654
Calculate the highest common divisor of 23985 and 225776135.
2665
What is the highest common divisor of 501256 and 2744?
56
Calculate the greatest common factor of 736 and 15676984.
184
What is the greatest common divisor of 44 and 23147732?
4
Calculate the greatest common factor of 70 and 182164920.
70
What is the greatest common divisor of 3771795 and 165?
15
What is the greatest common divisor of 460 and 16131070?
10
What is the highest common divisor of 38922 and 39920?
998
What is the greatest common factor of 80 and 10916850?
10
What is the greatest common divisor of 756 and 168716772?
252
Calculate the greatest common factor of 816 and 1535168.
272
Calculate the greatest common factor of 3027472 and 184.
8
Calculate the greatest common factor of 204410542 and 21.
7
What is the highest common divisor of 132 and 43817268?
132
What is the highest common divisor of 171875615 and 19?
19
What is the highest common divisor of 129 and 37987877?
43
What is the greatest common factor of 916314872 and 88?
88
What is the greatest common divisor of 696 and 7577468?
116
What is the highest common factor of 69039159 and 2618?
119
Calculate the greatest common divisor of 18136 and 1702517.
2267
What is the greatest common factor of 11590 and 170583938?
2318
Calculate the highest common divisor of 67614 and 39766.
118
Calculate the highest common divisor of 297750 and 15037566.
2382
What is the greatest common factor of 16838056 and 16?
8
Calculate the highest common factor of 114285 and 5415.
285
What is the highest common factor of 12672769 and 1038?
173
What is the greatest common factor of 75 and 7456380?
15
Calculate the greatest common factor of 19098 and 74074776.
6366
What is the highest common factor of 95090 and 1510?
10
Calculate the greatest common factor of 42 and 1355297559.
21
Calculate the greatest common divisor of 13547 and 1291427.
23
Calculate the greatest common factor of 6349224 and 98.
98
Calculate the greatest common factor of 427 and 54334.
7
Calculate the highest common divisor of 936 and 8142768.
72
What is the highest common divisor of 1323 and 42062139?
1323
What is the greatest common factor of 2576 and 191555224?
1288
What is the highest common divisor of 7786 and 665652?
34
Calculate the highest common divisor of 69715 and 234695.
365
What is the highest common divisor of 31575 and 53175?
75
Calculate the greatest common factor of 3022447 and 85.
17
What is the highest common divisor of 4812379 and 2409?
803
What is the greatest common divisor of 4830622 and 3210?
214
What is the highest common divisor of 1843100 and 3500?
700
Calculate the greatest common divisor of 15069 and 235387826.
5023
Calculate the greatest common divisor of 6904788 and 1020.
204
What is the highest common factor of 1287666391 and 121?
121
Calculate the highest common divisor of 1044289433 and 2398.
1199
Calculate the greatest common factor of 344655 and 779355.
3105
What is the greatest common divisor of 712935310 and 44595?
4955
Calculate the highest common factor of 49698 and 304242873.
8283
Calculate the greatest common factor of 6260 and 21135325.
1565
Calculate the greatest common divisor of 175042952 and 56.
56
What is the greatest common factor of 271107396 and 1764?
1764
Calculate the highest common factor of 13072356 and 363.
363
Calculate the highest common divisor of 28665 and 513521190.
4095
What is the highest common divisor of 112282 and 387554?
3622
What is the greatest common divisor of 19 and 603144379?
19
Calculate the greatest common factor of 5053045 and 1025.
205
Calculate the greatest common factor of 48 and 35373528.
24
What is the highest common factor of 36 and 24079336?
4
Calculate the greatest common divisor of 85 and 4566745.
5
Calculate the greatest common divisor of 266151 and 2923.
79
Calculate the highest common divisor of 11914 and 840098.
322
What is the highest common divisor of 4936493 and 1876?
67
Calculate the highest common factor of 382 and 2084105668.
382
Calculate the highest common factor of 4389 and 3830343.
627
Calculate the highest common divisor of 2912 and 130624.
416
What is the greatest common factor of 1901591 and 239311?
1433
Calculate the highest common divisor of 86 and 2519413.
43
Calculate the greatest common divisor of 33599802 and 12.
6
Calculate the highest common divisor of 20221036 and 82.
82
What is the highest common divisor of 7984921 and 798?
133
What is the highest common divisor of 53006214 and 552?
138
What is the greatest common factor of 203003289 and 9?
9
What is the greatest common factor of 62603503 and 8755?
1751
What is the highe